{"id":75,"date":"2025-08-27T14:34:05","date_gmt":"2025-08-27T12:34:05","guid":{"rendered":"https:\/\/www.pestrekoberce.sk\/?page_id=75"},"modified":"2025-09-07T17:57:35","modified_gmt":"2025-09-07T15:57:35","slug":"pastel-dreams","status":"publish","type":"page","link":"https:\/\/www.pestrekoberce.sk\/?page_id=75","title":{"rendered":"Pastel Dreams"},"content":{"rendered":"\n<p class=\"has-black-color has-text-color has-link-color wp-elements-a11c34df671f8f633566f0fef98f3172\">Rozko\u0161n\u00e1 kolekcia tuftovan\u00fdch kobercov s jemn\u00fdmi pastelov\u00fdmi farbami, ide\u00e1lna do detskej izby alebo ako hrav\u00fd detail v\u00e1\u0161ho domova. Ka\u017ed\u00fd koberec prin\u00e1\u0161a jedn\u00e9ho vern\u00e9ho kamar\u00e1ta \u2013 zaja\u010dika, ove\u010dku, ma\u010di\u010dku alebo ps\u00edka. Spolu vytv\u00e1raj\u00fa hrejiv\u00fa atmosf\u00e9ru, ktor\u00e1 navod\u00ed pokoj a \u00fasmev.<\/p>\n\n\n\n<div class=\"wp-block-columns is-layout-flex wp-container-core-columns-is-layout-9d6595d7 wp-block-columns-is-layout-flex\">\n<div class=\"wp-block-column is-layout-flow wp-block-column-is-layout-flow\">\n<figure class=\"wp-block-gallery has-nested-images columns-default is-cropped wp-block-gallery-1 is-layout-flex wp-block-gallery-is-layout-flex\">\n<figure class=\"wp-block-image size-large\"><img loading=\"lazy\" decoding=\"async\" width=\"2560\" height=\"2560\" data-id=\"129\" src=\"https:\/\/www.pestrekoberce.sk\/wp-content\/uploads\/2025\/09\/IMG_20250907_074807-edited-scaled.jpg\" alt=\"\" class=\"wp-image-129\" srcset=\"https:\/\/www.pestrekoberce.sk\/wp-content\/uploads\/2025\/09\/IMG_20250907_074807-edited-scaled.jpg 2560w, https:\/\/www.pestrekoberce.sk\/wp-content\/uploads\/2025\/09\/IMG_20250907_074807-edited-300x300.jpg 300w, https:\/\/www.pestrekoberce.sk\/wp-content\/uploads\/2025\/09\/IMG_20250907_074807-edited-1024x1024.jpg 1024w, https:\/\/www.pestrekoberce.sk\/wp-content\/uploads\/2025\/09\/IMG_20250907_074807-edited-150x150.jpg 150w, https:\/\/www.pestrekoberce.sk\/wp-content\/uploads\/2025\/09\/IMG_20250907_074807-edited-768x768.jpg 768w, https:\/\/www.pestrekoberce.sk\/wp-content\/uploads\/2025\/09\/IMG_20250907_074807-edited-1536x1536.jpg 1536w, https:\/\/www.pestrekoberce.sk\/wp-content\/uploads\/2025\/09\/IMG_20250907_074807-edited-2048x2048.jpg 2048w\" sizes=\"auto, (max-width: 2560px) 100vw, 2560px\" \/><\/figure>\n<\/figure>\n<\/div>\n\n\n\n<div class=\"wp-block-column is-layout-flow wp-block-column-is-layout-flow\">\n<h2 class=\"wp-block-heading has-luminous-vivid-amber-color has-text-color has-link-color wp-elements-aba2c0ea8b8a7eed296a107f07903375\">Bunny Dream<\/h2>\n\n\n\n<p class=\"has-black-color has-text-color has-link-color wp-elements-0865ca464dade841091b6297cb2fa858\">Rozmer: kruh 85cm priemer<\/p>\n\n\n\n<p class=\"has-black-color has-text-color has-link-color wp-elements-b67c36d1e9c3a7abfe2647006a8ca055\"><br>M\u00e4ku\u010dk\u00fd koberec so spiac\u00edm zaja\u010dikom. Jeho jemn\u00e9 u\u0161k\u00e1 a usmiata tv\u00e1ri\u010dka pote\u0161ia mal\u00fdch aj ve\u013ek\u00fdch sn\u00edlkov.<\/p>\n\n\n\n<div class=\"wp-block-buttons is-layout-flex wp-block-buttons-is-layout-flex\">\n<div class=\"wp-block-button is-style-outline is-style-outline--2\"><a class=\"wp-block-button__link has-black-color has-luminous-vivid-amber-background-color has-text-color has-background has-link-color wp-element-button\" href=\"https:\/\/www.pestrekoberce.sk\/?page_id=45\/?your-subject=Bunny+Dream\"><mark style=\"background-color:rgba(0, 0, 0, 0)\" class=\"has-inline-color has-black-color\">M\u00e1m z\u00e1ujem<\/mark><\/a><\/div>\n<\/div>\n<\/div>\n<\/div>\n\n\n\n<div class=\"wp-block-columns is-layout-flex wp-container-core-columns-is-layout-9d6595d7 wp-block-columns-is-layout-flex\">\n<div class=\"wp-block-column is-layout-flow wp-block-column-is-layout-flow\">\n<p>Pripravujeme&#8230;<\/p>\n<\/div>\n\n\n\n<div class=\"wp-block-column is-layout-flow wp-block-column-is-layout-flow\">\n<h2 class=\"wp-block-heading has-luminous-vivid-amber-color has-text-color has-link-color wp-elements-419720d7f13e1e2a3b63d447fc63426d\">Sheepy Smile<\/h2>\n\n\n\n<p class=\"has-black-color has-text-color has-link-color wp-elements-0865ca464dade841091b6297cb2fa858\">Rozmer: kruh 85cm priemer<\/p>\n\n\n\n<p class=\"has-black-color has-text-color has-link-color wp-elements-3672111e4a937eddea67b0e737183117\"><br>Ove\u010dka s ku\u010deravou hl\u00e1vkou a ne\u017en\u00fdm \u00fasmevom prinesie do izby pokoj a hebkos\u0165.<\/p>\n\n\n\n<div class=\"wp-block-buttons is-layout-flex wp-block-buttons-is-layout-flex\">\n<div class=\"wp-block-button is-style-outline is-style-outline--3\"><a class=\"wp-block-button__link has-black-color has-luminous-vivid-amber-background-color has-text-color has-background has-link-color wp-element-button\" href=\"https:\/\/pestrekoberce.sk\/kontakt\/?interested=Sheepy%20Smile\"><mark style=\"background-color:rgba(0, 0, 0, 0)\" class=\"has-inline-color has-black-color\">M\u00e1m z\u00e1ujem<\/mark><\/a><\/div>\n<\/div>\n<\/div>\n<\/div>\n\n\n\n<div class=\"wp-block-columns is-layout-flex wp-container-core-columns-is-layout-9d6595d7 wp-block-columns-is-layout-flex\">\n<div class=\"wp-block-column is-layout-flow wp-block-column-is-layout-flow\">\n<p>Pripravujeme&#8230;<\/p>\n<\/div>\n\n\n\n<div class=\"wp-block-column is-layout-flow wp-block-column-is-layout-flow\">\n<h2 class=\"wp-block-heading has-luminous-vivid-amber-color has-text-color has-link-color wp-elements-b979441e22fdb01758c32d1c2ee09d99\">Kitty Nap<\/h2>\n\n\n\n<p class=\"has-black-color has-text-color has-link-color wp-elements-0865ca464dade841091b6297cb2fa858\">Rozmer: kruh 85cm priemer<\/p>\n\n\n\n<p class=\"has-black-color has-text-color has-link-color wp-elements-ef90e19c01338a4cc63f6609fb3aaf15\"><br>Spiaca ma\u010di\u010dka, ktor\u00e1 p\u00f4sob\u00ed ako drobn\u00fd ply\u0161ov\u00fd kamar\u00e1t. Perfektn\u00e1 na vytvorenie \u00fatuln\u00e9ho k\u00fatika.<\/p>\n\n\n\n<div class=\"wp-block-buttons is-layout-flex wp-block-buttons-is-layout-flex\">\n<div class=\"wp-block-button is-style-outline is-style-outline--4\"><a class=\"wp-block-button__link has-black-color has-luminous-vivid-amber-background-color has-text-color has-background has-link-color wp-element-button\" href=\"https:\/\/pestrekoberce.sk\/kontakt\/?interested=Kitty%20Nap\"><mark style=\"background-color:rgba(0, 0, 0, 0)\" class=\"has-inline-color has-black-color\">M\u00e1m z\u00e1ujem<\/mark><\/a><\/div>\n<\/div>\n<\/div>\n<\/div>\n\n\n\n<div class=\"wp-block-columns is-layout-flex wp-container-core-columns-is-layout-9d6595d7 wp-block-columns-is-layout-flex\">\n<div class=\"wp-block-column is-layout-flow wp-block-column-is-layout-flow\">\n<p>Pripravujeme&#8230;<\/p>\n<\/div>\n\n\n\n<div class=\"wp-block-column is-layout-flow wp-block-column-is-layout-flow\">\n<h2 class=\"wp-block-heading has-luminous-vivid-amber-color has-text-color has-link-color wp-elements-3abd87ff68dd89226b55ea0324ab243a\">Puppy Hug<\/h2>\n\n\n\n<p class=\"has-black-color has-text-color has-link-color wp-elements-0865ca464dade841091b6297cb2fa858\">Rozmer: kruh 85cm priemer<\/p>\n\n\n\n<p class=\"has-black-color has-text-color has-link-color wp-elements-3c785538225ed554dc4eb0d3804d1e9c\"><br>Ps\u00edk so zavret\u00fdmi o\u010dkami a jemn\u00fdmi l\u00ed\u010dkami v\u00e1s priv\u00edta ka\u017ed\u00fd de\u0148 s m\u00e4kk\u00fdm \u201eobjat\u00edm\u201c.<\/p>\n\n\n\n<div class=\"wp-block-buttons is-layout-flex wp-block-buttons-is-layout-flex\">\n<div class=\"wp-block-button is-style-outline is-style-outline--5\"><a class=\"wp-block-button__link has-black-color has-luminous-vivid-amber-background-color has-text-color has-background has-link-color wp-element-button\" href=\"https:\/\/pestrekoberce.sk\/kontakt\/?interested=Puppy%20Hug\"><mark style=\"background-color:rgba(0, 0, 0, 0)\" class=\"has-inline-color has-black-color\">M\u00e1m z\u00e1ujem<\/mark><\/a><\/div>\n<\/div>\n<\/div>\n<\/div>\n","protected":false},"excerpt":{"rendered":"<p>Rozko\u0161n\u00e1 kolekcia tuftovan\u00fdch kobercov s jemn\u00fdmi pastelov\u00fdmi farbami, ide\u00e1lna do detskej izby alebo ako hrav\u00fd detail v\u00e1\u0161ho domova. Ka\u017ed\u00fd koberec prin\u00e1\u0161a jedn\u00e9ho vern\u00e9ho kamar\u00e1ta \u2013 zaja\u010dika, ove\u010dku, ma\u010di\u010dku alebo ps\u00edka. Spolu vytv\u00e1raj\u00fa hrejiv\u00fa atmosf\u00e9ru, ktor\u00e1 navod\u00ed pokoj a \u00fasmev. Bunny Dream Rozmer: kruh 85cm priemer M\u00e4ku\u010dk\u00fd koberec so spiac\u00edm zaja\u010dikom. Jeho jemn\u00e9 u\u0161k\u00e1 a usmiata [&hellip;]<\/p>\n","protected":false},"author":1,"featured_media":0,"parent":0,"menu_order":0,"comment_status":"closed","ping_status":"closed","template":"","meta":{"footnotes":""},"class_list":["post-75","page","type-page","status-publish","hentry"],"_links":{"self":[{"href":"https:\/\/www.pestrekoberce.sk\/index.php?rest_route=\/wp\/v2\/pages\/75","targetHints":{"allow":["GET"]}}],"collection":[{"href":"https:\/\/www.pestrekoberce.sk\/index.php?rest_route=\/wp\/v2\/pages"}],"about":[{"href":"https:\/\/www.pestrekoberce.sk\/index.php?rest_route=\/wp\/v2\/types\/page"}],"author":[{"embeddable":true,"href":"https:\/\/www.pestrekoberce.sk\/index.php?rest_route=\/wp\/v2\/users\/1"}],"replies":[{"embeddable":true,"href":"https:\/\/www.pestrekoberce.sk\/index.php?rest_route=%2Fwp%2Fv2%2Fcomments&post=75"}],"version-history":[{"count":11,"href":"https:\/\/www.pestrekoberce.sk\/index.php?rest_route=\/wp\/v2\/pages\/75\/revisions"}],"predecessor-version":[{"id":130,"href":"https:\/\/www.pestrekoberce.sk\/index.php?rest_route=\/wp\/v2\/pages\/75\/revisions\/130"}],"wp:attachment":[{"href":"https:\/\/www.pestrekoberce.sk\/index.php?rest_route=%2Fwp%2Fv2%2Fmedia&parent=75"}],"curies":[{"name":"wp","href":"https:\/\/api.w.org\/{rel}","templated":true}]}}